is divided by s.
195
Suppose 92*l = 86*l + 1530. Let i = l - 246. Calculate the remainder when 27/(-6)*(-20)/3 is divided by i.
3
Let v(q) = -q**2 + 39*q + 2650. What is the remainder when v(-34) is divided by 25?
18
Let m(f) = -f**3 + f**2 + f + 54. What is the remainder when m(0) is divided by 19/((-48)/(-4) + -11)?
16
Let n = -119 + 169. Let f(t) = -3 + 10*t**3 - 3*t + 35*t**2 + 32*t**2 - 68*t**2. Calculate the remainder when f(3) is divided by n.
49
Let m = -128 + 78. What is the remainder when 0/(-7) - (m - -1) is divided by (4/10)/(10/250)?
9
Let a = 397 + -388. Let r(m) = 24*m - 123. Suppose -8 = -2*d + 16. Calculate the remainder when r(a) is divided by d.
9
Let y(s) = s**2 - 44*s - 450. Calculate the remainder when y(-10) is divided by 83.
7
Let p be (-1130)/8 - (-11)/44. Let k = -137 - p. Calculate the remainder when 11 is divided by k.
3
Let d(w) = w**3 - 7*w**2 - 5*w + 2. Suppose -f + 9 = 1. Let q = 31 + -22. What is the remainder when d(f) is divided by q?
8
Let l(z) = 5612*z - 95292. What is the remainder when l(17) is divided by ((-7)/(-3))/(2/42)?
14
Let s = -15406 + 15416. Let g(h) = 2*h**2 + 7*h - 6. Calculate the remainder when g(6) is divided by s.
8
Suppose 7 = 5*k + 3*u - 22, 0 = 2*u - 6. What is the remainder when k is divided by (12 - 24)*-1*3/9?
0
Suppose 0 = -66*n - 57*n + 64821. Calculate the remainder when n is divided by 2.
1
Suppose -2*j + 3*x + 47 = 0, -4*j + 416*x = 415*x - 69. What is the remainder when 3611 is divided by j?
11
Let c(z) = -z + 13. Let f be c(15). Let m be ((-30)/(-9) + f)*(-2 + 5). Calculate the remainder when 56 is divided by (-15)/(-10) - (-70)/m.
18
Let w = 385 + -480. Calculate the remainder when 217 is divided by (w/190)/((-1)/(110 - 0)).
52
Suppose 281 = n - 91. Suppose 32*w = 20*w + n. What is the remainder when 116 is divided by w?
23
Let b = -5473 + 5493. What is the remainder when 171 is divided by b?
11
Suppose 5*u + 1136 = 276. Let w = 179 + u. What is the remainder when 138 is divided by w?
5
Let k(y) be the second derivative of 3*y**4/4 - y**3/6 + y**2 - 93*y + 1. What is the remainder when 43 is divided by k(1)?
3
Let j = 172 + 59. Suppose -j - 201 = -16*t. What is the remainder when 1 + -1 + 97/1 is divided by t?
16
Let o = 3201 + -3059. Calculate the remainder when 450 is divided by o.
24
Calculate the remainder when 14077 is divided by 1*(14 + 17 + -18).
11
Suppose 4*h = -17*v + 12*v - 1829, 0 = -4*v - h - 1472. Let w = -281 - v. What is the remainder when w is divided by 17?
3
Suppose 27*q = 31*q - 20. Suppose 3*p - 5*n + 161 = q*p, -n = -5. Calculate the remainder when p is divided by 14.
12
Let x = 1321 - 1314. Suppose -10 + 67 = p. Calculate the remainder when p is divided by x.
1
Let b = 885 + -867. What is the remainder when 557 is divided by b?
17
Let g = 37 + -41. Let m be (6 + -1 - -1) + g. Suppose n + 112 = 5*s, -s = -m*s - 5*n + 38. What is the remainder when s is divided by 13?
10
Suppose 0 = 5*b - b - 4*q - 12, b = 4*q. Suppose -b*a = 77 - 201. Calculate the remainder when 118 is divided by a.
25
What is the remainder when 2/(6523/2174 + (11 - 14)) is divided by 30?
28
Let d(t) = -5*t - 38. Let o be d(-8). Suppose 5*p - p = o*k + 68, -5*p + 85 = 5*k. Calculate the remainder when 44 is divided by p.
10
Let l(y) = y**3 + 7*y**2 + y - 6. Suppose 11 = -4*j - 9. What is the remainder when l(j) is divided by 5332/248 - (-90)/(-12)?
11
Calculate the remainder when (-8)/(-6 + (-6 + 4599/354 - 1)) is divided by 235.
4
Suppose 4*g + 5*f - 279 = 0, -3*f + 299 = 4*g - 2*f. Calculate the remainder when 600 is divided by g.
68
Let q = 40 - 36. Suppose -2*t - 4*x = -162, -2*x = -q*t - 5*x + 334. Suppose g - 11 = 3*f + 4, 5*g = 5*f + t. What is the remainder when 50 is divided by g?
14
Suppose 3*k - 3*w + 44 - 128 = 0, -k + 3*w = -36. Suppose -176 = -8*q + 4*q. Calculate the remainder when q is divided by k.
20
Suppose -3*k - 42*o + 1134 = -45*o, -2 = -2*o. Calculate the remainder when k is divided by 14.
1
Suppose -4*r - 4*f - 19 = -2019, 5*f + 1982 = 4*r. What is the remainder when r is divided by 137?
87
Calculate the remainder when (1 - 323)/((-49 - -46)*(-4)/(-90)) is divided by 26.
23
Suppose 3*z - 5*z - 3*o = -4, -2 = -z - 5*o. Let s(k) = 2 - 1 - 66*k + 4 - k**2 + 61*k + 10*k**3 + k**3. Calculate the remainder when s(z) is divided by 21.
16
Let z(j) = -3*j**3 + 27*j + 58. Calculate the remainder when z(-5) is divided by 160.
138
Let p(w) = -w**2 - 16*w - 1. Let m(t) = -2*t**3 - 21*t**2 + 10*t - 15. Let z be m(-11). What is the remainder when p(z) is divided by 18?
11
Let i(z) = -2*z**3 - 8*z**2 + 19. What is the remainder when 170 is divided by i(-5)?
32
Suppose 21*y - 19*y = 206. Let b = 117 - y. What is the remainder when 53 is divided by b?
11
Let l be (5/(-4) - -2)/(24/64). Suppose -4 = -u - 2*n + 10, 4*n + 12 = l*u. Calculate the remainder when 187 is divided by u.
7
Let s(v) = -29*v + 5. Suppose f + 1111 = 5*o, f = 4 - 0. Let b = o - 122. What is the remainder when b is divided by s(-1)?
33
Let s(n) = -836*n + 5896. Calculate the remainder when 217 is divided by s(7).
41
Let r(p) = 45*p**2 - 3*p - 7. Let x be r(-3). Suppose 38 = z + x. What is the remainder when 225 is divided by z/(-8) + (-2 + 0)/16?
41
Suppose -3*k + 4*x = -2 + 4, -4*x + 8 = 0. Let z(f) = 11*f - 33. Let p be z(-14). Let y = p - -202. What is the remainder when y is divided by k?
1
Suppose i + 95 = 6*i. Calculate the remainder when -10 + 218 + 2 + -3 is divided by i.
17
Let y = 511 + -243. Let f = 641 - 607. What is the remainder when y is divided by f?
30
Let i = -21280 + 21288. What is the remainder when 12637 is divided by i?
5
Suppose 189*f = 76*f + 12769. Calculate the remainder when 518 is divided by f.
66
Let b(d) = 2*d**3 - d**2 + d - 1. Let h be b(1). Calculate the remainder when 90 - (h + -1) - (-18 - -17) is divided by 1 + 0 + (-22)/3*-3.
22
Let c = 5588 - 351. Calculate the remainder when c is divided by 107.
101
Let i be -2443*5*(-4)/20. Suppose 24*x = 17*x + i. Calculate the remainder when x is divided by 7.
6
Suppose 3*m - 14 = -8. Suppose 288 = 4*q + m*q. Suppose 5*z - q - 102 = 0. Calculate the remainder when 116 is divided by z.
26
Let p = -607 + 605. What is the remainder when (p - 6) + 11 - (-32 - -3) is divided by 9?
5
Let h be (-18)/(-8) - 1 - 10/8. Let s(k) = -k**3 - k**2 + 5*k + 26. What is the remainder when s(h) is divided by 4?
2
Suppose 13*v = -9*v. Suppose -5*w + 1147 + 148 = v. Calculate the remainder when w is divided by 29.
27
Suppose 8*f - 17 = 7*f + 3*x, -2*x = -4*f + 58. Suppose -f*r + 98 + 14 = 0. Let b = 68 + -29. What is the remainder when b is divided by r?
7
Suppose -3*y + 290 = 4*l, l = 17*y - 16*y - 92. Calculate the remainder when 1091 is divided by y.
57
Let q(s) = 44*s**2 - 22*s - 1. Let x be q(-4). Let z = x + -745. Calculate the remainder when z is divided by 18.
10
Let f(k) = -2*k**2 + 2*k**2 + k**2 + 147 - 153 + k - 6*k**3. What is the remainder when f(-2) is divided by 27?
17
Suppose -7*k + 6*k = 0. Suppose -7*c + 401 + 54 = k. Suppose 2*h = c - 1. What is the remainder when 127 is divided by h?
31
Let n(f) = f**3 - 18*f**2 + 20*f + 9. Let t be 4 + 70 + (1 - (0 + -2)). Suppose -73*o - 68 = -t*o. Calculate the remainder when n(17) is divided by o.
9
Suppose -8*j - 32 = -56. Calculate the remainder when 98 is divided by (0 + j)/((-20)/(-240)).
26
Suppose -t + 2*t - 21 = 0. Let q(l) = l**3 - 8*l**2 + 4*l - 24. Suppose -17*y = -73 - 63. Calculate the remainder when t is divided by q(y).
5
Let g(v) = v**3 - 46*v**2 - 40*v - 314. Suppose -162 = 2*k - 5*k. What is the remainder when k is divided by g(47)?
9
Let g be (-2 - 10)*11/22 - -14. Suppose 1105 - 481 = g*o. What is the remainder when o is divided by 41?
37
Suppose f - 5 = 0, -f = -2*r + 17 + 158. Suppose 0 = -4*w + r - 18. What is the remainder when (10*1)/((-2)/(-7)) is divided by w?
17
Let o = -8 + 10. Suppose -4*g = 5*v - 141, -51 - 33 = -o*g + 2*v. Calculate the remainder when g is divided by 2/(-1*(-6 + 21)) + (-182)/(-15).
3
Suppose 1 = -f - 11. Let q = f + 44. What is the remainder when q is divided by 3?
2
Let u = 365 + -85. Suppose -282*h = -u*h - 28. What is the remainder when 221 is divided by h?
11
Suppose -4*z + 1 = 5*l - 6, -2*l - z = -4. Suppose -4*q = -l*h + 361, q - 322 = -4*h +